2. Let s be 90/3 - (5 - 2). Let b = s + -27. Let g(q) = -q**3 + q. Let k be g(b). Determine l(k).
-22
Let v(r) = -r**2 - r - 8. Suppose 2*a - 4*a = -k - 116, 0 = -4*a - 2*k + 232. Let u = 58 - a. Calculate v(u).
-8
Let w = 262 - 139. Let p = w - -57. Let n(c) = c + 182 - 2*c - p. Give n(-5).
7
Let d(n) be the third derivative of n**6/120 + n**5/60 - 5*n**4/8 + 13*n**3/3 + 4346*n**2. Give d(2).
8
Let h = -470 - -491. Suppose d = -3*d - 5*t + 25, t - h = -4*d. Let j(r) = -3*r - 5. Give j(d).
-20
Let r(d) = d**3 + 36*d**2 + 35*d + 11. Suppose -11*b + 70 = 455. Calculate r(b).
11
Let y(h) be the third derivative of -h**6/120 - h**5/15 + h**4/24 - h**3/6 + 9*h**2. Suppose -1 = r, r = -3*t + 4*r + 18. Suppose 8*u + 9 = t*u. Determine y(u).
-13
Let o(y) = 14*y - 19*y + 15 - 18*y**2 + 0*y**3 + 15*y + y**3. Let a(i) = -i**3 + 17*i**2 - 10*i - 15. Let g(l) = -6*a(l) - 5*o(l). Calculate g(11).
4
Let s(a) be the first derivative of 23*a**2/2 - 5*a - 1989. What is s(1)?
18
Suppose -4 + 2 = o + 3*z, 2*o = z - 4. Let v be (o + 5 + -1)*(1 - 0). Let p(u) be the first derivative of u**4/4 - 2*u**2 + 3*u + 8. Give p(v).
3
Let f(k) = k**2 - 20*k + 99. Let r be f(10). Let h(j) = 9*j**3. What is h(r)?
-9
Let f be 1 - (4 + -1 + -1) - -16. Suppose 0 = -10*q + 5*q + 5*p - f, 2*q - p + 6 = 0. Let l(h) = h**3 - 5*h - 2. Calculate l(q).
-14
Let o(u) be the second derivative of -11/12*u**4 + 5/3*u**3 - 9/2*u**2 + 111*u + 0 + 1/20*u**5. Calculate o(10).
-9
Suppose 3*k - 80 = 7. Let p be 6*(-4)/(-32) + k/4. Suppose 8 = p*g - 16*g. Let c(h) = 16*h + 1. What is c(g)?
-15
Let l(z) be the second derivative of -z**5/20 + z**4/3 - 4*z**3/3 + 7*z**2/2 - 5*z + 309. Calculate l(3).
-8
Let o(y) = -873*y + 3 + 2*y**2 + 1759*y - 876*y. Determine o(-2).
-9
Let w(g) = -8*g + 5. Let p be w(-5). Let s be 4 + 70/(-18) + (-5)/p. Let q(k) = k**2 - k. Let b(n) = 3*n**2 - 4*n - 1. Let i(l) = -b(l) + 4*q(l). What is i(s)?
1
Let i(o) = -19 - 28*o - 11 + 6 - 93. Calculate i(-4).
-5
Suppose -150*d + 151*d - 586 = 0. Let x(q) = d + 586 - 1166 - 8*q + q**2. Suppose -28 = -5*k + 3*h - 2*h, -k + 5*h - 4 = 0. Give x(k).
-6
Let c(u) = -2*u**3 - 13*u - 36. Let o be c(-2). Let b(p) = 2*p**3 - 13*p**2 + 9*p + 2. Calculate b(o).
20
Suppose 147 = -3*u - 27. Let h(q) = -4*q**3 - 25*q**2 + 4*q + 13. Let i be h(-2). Let n = u - i. Let m(g) = g - 2. Calculate m(n).
3
Let y(m) = -2*m**3 + 53*m**2 - 22*m - 109. Let u be (-5 + -5)/5 - (-5 + -23). Calculate y(u).
-5
Suppose 4*q + 5*y = 58, y - 44 = -4*q + 3*y. Suppose q*h + 8*h = 140. Let n(f) = -f**3 + 6*f**2 + 7*f - 5. What is n(h)?
-5
Let m(r) = 3*r**2 + 6*r + 4. Let l be m(-4). Let i = 30 - l. Let g(d) = d**2 - d**i + d**2. Give g(-3).
9
Let u = 47 + -51. Let q(r) = 225*r - 1 - 113*r - 111*r. Let p(k) = 4*k - 7. Let j(v) = -p(v) + 3*q(v). Determine j(u).
8
Let z(d) be the second derivative of d**7/2520 - d**6/90 + d**5/15 - 67*d**4/12 + d**2/2 + 37*d. Let y(t) be the third derivative of z(t). Calculate y(7).
1
Let x be (-1 - (-6 - -2)) + 12 + -3. Suppose 4*i + 4*r = -0*r + x, 5*i + 2*r - 12 = 0. Let k(c) = -6*c + 9*c**2 - i + c**3 - 7*c**2 + c. Give k(-3).
4
Let j(c) = -c**2 - c - 1. Let z(g) = -g**2 + 2*g - 1. Let d = -380 + 382. Let y(x) = d*z(x) + j(x). Give y(3).
-21
Let m(v) = 3*v**3 - 18*v**2 + 10*v - 11. Let h(q) = -q**3 - 14*q. Let a(u) = -4*h(u) - m(u). What is a(-15)?
-4
Let l(j) = -j**3 + 7*j**2 + 7*j + 10. Let d(y) = -y + 2. Let i be d(-6). Let f be l(i). Let h(x) = -4*x**f - 2*x - 2 + 4*x + x**2 + 3. What is h(2)?
-7
Let d(o) be the third derivative of 1/60*o**5 - 7*o**2 + 0*o + 5/24*o**4 + 5/6*o**3 + 2. Calculate d(-5).
5
Let x(b) = 3*b**2 - 5*b - 18. Suppose 251*p - 852 = 20*p + 18*p. Calculate x(p).
10
Let w be (9/(-4))/1 - 30/40. Let g(u) = -u. Give g(w).
3
Let w(s) = s**3 - 8*s**2 + s - 7. Let c = 13 + -7. Let f be 47/c + (-5)/(-30). Calculate w(f).
1
Let v(g) = 31*g**3 - 140*g**2 - 144*g + 412. Let b(o) = 13*o**3 - 56*o**2 - 58*o + 165. Let s(c) = -12*b(c) + 5*v(c). Give s(-27).
-1
Suppose 0 = 13*f - 10*f - 3*b, -f - 8 = -5*b. Suppose f = 11*q - 97. Let k(v) = -2*v + 6. What is k(q)?
-12
Let l be 12 - (-7 - (10 - 29)). Let h(x) be the first derivative of -5/2*x**2 + 8 + l*x + 1/3*x**3. Determine h(6).
6
Let j(v) be the first derivative of -v**2 + v - 1/4*v**4 + 7 + 2*v**3. Let o be -9*(-7)/((-63)/(-6)). What is j(o)?
-11
Suppose 0 = 3*n + 19 - 1. Let d(b) = 2*b. Let u(i) = -i - 1. Let a(q) = -3*d(q) - 7*u(q). Give a(n).
1
Suppose -135*k + 1693 + 1757 = 95*k. Let q(d) = d - 59. What is q(k)?
-44
Let f(p) = 20*p**2 + 19*p**2 + 14 + 53 - 16 - 36*p**2 - 61*p. What is f(19)?
-25
Let g = 4 - 1. Let m be (-1 + g)/(2/(-4)). Let s(o) = 44*o + 118. Let p(f) = 59*f + 158. Let c(x) = 3*p(x) - 4*s(x). What is c(m)?
-2
Let b = 16 + -1. Let z(r) = 6*r - 18 + b - r**2 - 2*r. Let g = 436 + -434. What is z(g)?
1
Let a(s) be the third derivative of -5*s**4/24 + s**3/6 + 56*s**2. Let q = 235 - 236. Calculate a(q).
6
Let c be (-4)/42*7*3. Let o(b) be the third derivative of -7*b**4/24 - b**3/2 - 7*b**2. Give o(c).
11
Let x(k) = 65 - 310 + 3*k**2 + 234 + 8*k. Give x(-5).
24
Let v(g) be the first derivative of -g**4/2 - 2*g**3/3 + g**2 - 12*g - 9. Determine v(0).
-12
Let p(h) = -3*h + 2. Let k be p(-2). Let l be (k/(-6))/(7/21). Let b(f) = -8 - 3 - 2*f**2 - 5*f + 14. Calculate b(l).
-9
Let d(l) = -l**2 + 4*l - 6. Let v(t) = 3*t**2 - 12*t + 15. Let m(n) = -8*d(n) - 3*v(n). Give m(5).
-2
Let m(g) = g**2 + 5*g + 1. Let k(i) = -5*i**2 - 35*i - 12. Let s(a) = k(a) + 6*m(a). Suppose -5*z + 52 - 27 = 0. What is s(z)?
-6
Suppose 67*l + 13370 = 449*l. Let m(k) = -9*k + 310. Determine m(l).
-5
Let f(q) be the third derivative of -q**5/60 - q**4/3 + 13*q**3/6 + q**2. Suppose 5*b = 5*h - 70, -81*b + 86*b - 2*h = -55. Calculate f(b).
4
Let a(h) = -h - 4. Let z = -47 - -79. Suppose 4*r - 4 = 8*l - 3*l, -3*l - z = 5*r. Calculate a(l).
0
Let d(o) = o**3 + 9*o**2 + 28*o + 149. Let k be d(-8). Let c(q) = -4*q + 20. Calculate c(k).
64
Suppose -64 = o - 66. Suppose 0 = 3*g - 3*z + o*z + 15, -4*g + z - 19 = 0. Let h(a) be the first derivative of a**2/2 + 4*a + 14. What is h(g)?
0
Let c(q) = 19*q**2 - 4*q + 6. Let z(b) = 18*b**2 - 3*b + 5. Let t = 3 - 8. Let r(i) = t*z(i) + 4*c(i). Give r(-1).
-14
Let x be -1 + (-5)/3 - (38 + 1130/(-30)). Let c(y) = 5*y**3 - 3*y**2 - 2*y - 4. What is c(x)?
-160
Let b(g) = g**3 - 3*g**2 + 3*g - 5. Let k be 2*19/(3 + 16). Determine b(k).
-3
Let b(i) = i**2 - 4*i + 2. Let q be (-189)/(-45) - (-396)/220. Determine b(q).
14
Let x(h) = -36*h - 287. Let u be x(-8). Let s be 3*(-1 - 0)*-1. Let z(i) = 0*i - i - i**3 + s - 4*i**2 - 2 + u. Give z(-3).
-4
Let i(u) = -50*u + 8. Let y(t) = -7*t + 3. Let q(b) = 3*i(b) - 21*y(b). Calculate q(-9).
-12
Let c(q) = q - 2*q**3 - 3*q**3 + 1997 - 2002 + 2*q**2 + 3*q**3 + q**3. Give c(-4).
87
Suppose 5*s = -0*s - 45. Let p(u) = -13*u**2 - 37*u + 8. Let n(x) = -3*x**2 - 9*x + 3. Let a(g) = -9*n(g) + 2*p(g). Calculate a(s).
7
Let c be ((-94)/(-18) - 5) + 50/18. Suppose -2*x - 15 = c*x. Let o(n) = n**2 + n. What is o(x)?
6
Suppose 3*p - v - 8 = 5, 0 = -3*v + 15. Let t(i) = p*i + 8 - 2 - 4. Let o(u) = -u**3 - 39*u**2 - 34*u + 154. Let m be o(-38). Give t(m).
14
Let z(c) = -2*c - 1. Suppose 5*j - 4*u = 56, -2*u = 3*j + u - 39. Suppose -37*x + j = -31*x. Calculate z(x).
-5
Let q(y) be the second derivative of y**4/24 - 3*y**3 + 96*y**2 + 15*y. Let d(t) be the first derivative of q(t). Calculate d(15).
-3
Let r(o) = o**2 + 8*o - 12. Suppose -x - 40 = 28. Let v be 2/(3 - (-202)/x). Let a = v + -77. Determine r(a).
-3
Let v(w) be the first derivative of -43*w**2/2 + 6*w - 790. Determine v(1).
-37
Let j(f) = -12*f + 77. Suppose 0 = -45*o + 904 - 544. Calculate j(o).
-19
Let m(q) = -q**3 + 5*q**2 + 4. Let y be m(5). Suppose 0 = 2*l + 6, 2*d - 5 = -5*l - 8. Let f(w) = -8*w + 2*w - 4*w + 15*w - d. What is f(y)?
14
Let v(i) = -2*i**2 - 2*i + 27. Let w be v(3). Suppose -l + 7 + 10 = -3*q, 0 = -w*l + 2*q + 23. Let s(a) = -a**3 + 4*a**2 - 1. What is s(l)?
-26
Let j(b) = 3*b - 14. Let o(a) be the first derivative of 13*a**2/2 + 175*a + 158. Let f be o(-13). Give j(f).
4
Let h(t) = -t**2 - 9*t - 17. Let o(s) = -231*s + 686. Let g be o(3). Give h(g).
-3
Let d be ((6/(-4))/(2232/(-2480)))/((-5)/(-72)). Let u(n) = -n**3 + 25*n**2 - 24*n + 3. Wha